u. Let i be (-2 - 19)*1/(-3). Let r be (1 - u) + -4 + i. What is the greatest common factor of r and 54?
6
Suppose -1339 = -3*u + y, -4*u = y - 1881 + 84. Calculate the highest common divisor of u and 28.
28
Let s = -75 - -147. Suppose 0 = 19*o - 23*o + 192. What is the highest common factor of s and o?
24
Let p = -157 + 234. Let q be (141/15 - 3) + (-153)/(-255). Calculate the highest common factor of p and q.
7
Suppose -6*k + 3*k + 2*b + 64 = 0, -2*b - 10 = 0. Suppose 0 = -m - k + 20. Calculate the highest common divisor of 8 and m.
2
Let w = -169 + 175. Calculate the greatest common divisor of w and 354.
6
Let p = 4 + 18. Let v(o) = o + 16. Let r be v(-14). Let a be (66 + 0)*(5 - r). Calculate the greatest common divisor of p and a.
22
Let q(t) = t**2 + t - 29. Let v be q(-6). What is the greatest common factor of 23 and v?
1
Let a(c) = 13*c**2 - 27*c - 8. Let x be a(8). Calculate the greatest common divisor of 19 and x.
19
Suppose -2*b + 12 = -6*b. Let y be 922/6 - b/(-18)*-2. Let w be -1 - (1 + 0 + -24). Calculate the greatest common divisor of w and y.
22
Let u(a) = a**2 + 2*a. Let z be u(-2). Let l = 160 + -157. Suppose z = -l*d - 118 + 538. Calculate the greatest common divisor of 56 and d.
28
Suppose 8*p - 20 - 20 = 0. Suppose u + p = 12. What is the greatest common divisor of 21 and u?
7
Let t = -9 - -57. Let d = -14 - -23. Let i = d - 3. Calculate the highest common divisor of t and i.
6
Let l = -52 + 54. Let i(d) = 2*d**3 - 4*d**2 + 4*d - 2. Let z be i(l). What is the highest common divisor of 21 and z?
3
Let o be 36/60 - 1060/(-25). What is the highest common factor of o and 645?
43
Let w(b) = -61*b**3 + 5*b**3 - 40*b**3. Let f be w(-1). Let k = -48 + f. Calculate the highest common divisor of 6 and k.
6
Suppose 8*d - 64 = 16. What is the greatest common divisor of 55 and d?
5
Let k = 925 - 813. Let m(u) = 8*u - 2. Let g be m(2). Calculate the highest common factor of k and g.
14
Let x be (12 - 13)/((-81)/(-41) - 2). What is the highest common factor of x and 328?
41
Suppose -3*s + 12 = -2*c, -2*s - 3*c = -0*c + 5. Let w be 6/s - (1/(-1) - -1). What is the highest common divisor of 21 and w?
3
Let m be (6/(-12))/(1/(-316)). Suppose -u = -x + 51, -3*x - 4*u = -2*u - m. Suppose -9*j + x = -5*j. Calculate the highest common factor of j and 26.
13
Suppose 22 - 122 = -5*c. Suppose -c*b = -23*b + 9. Calculate the greatest common factor of 1 and b.
1
Let k(c) = c**3 + 10*c**2 + 9*c + 2. Let r be k(-9). Suppose 3*q + 0 - r = v, 5*v = 3*q + 14. Calculate the highest common factor of v and 32.
4
Let f = -66 + 108. Suppose 0 = 2*l, -2*l = 5*m + 3*l + 5. Let o = 13 - m. Calculate the greatest common factor of f and o.
14
Let w(u) = u**2 + 23*u + 121. Let t be w(-17). Calculate the highest common divisor of 76 and t.
19
Let a = 28 - 31. Let k be 17 - (-1 + a) - -3. What is the highest common factor of 24 and k?
24
Let o(x) be the first derivative of -x**4/4 + 5*x**3/3 + 4*x + 2. Let m be o(5). Let l be 4/5 - (-7040)/200. What is the highest common factor of m and l?
4
Let w be 30/(-2 + 7) + 8 + -8. Calculate the greatest common divisor of w and 58.
2
Suppose -2*r = -q - 3*q - 134, -2*r - 5*q = -179. Let t = -72 + r. What is the greatest common factor of t and 15?
5
Let r be -55*(2 + -2 - 8/20). Calculate the highest common divisor of 121 and r.
11
Let j(b) = 7*b**2 + 3*b + 2. Let f be j(-3). Suppose -2*q - f = -3*q. Suppose -16 - q = -4*g. Calculate the highest common factor of g and 126.
18
Let v be ((1 - -2) + -398)*(24 - 26). What is the highest common factor of 20 and v?
10
Let t(s) = s**3 - 9*s**2 + s + 6. Let u be t(9). Let m be 8/12 - (-34)/(-6). Let n be 2*m*(-2)/4. What is the highest common divisor of u and n?
5
Let p(n) = -n**2 + 8*n - 9. Let b be p(6). Suppose -3*g + 3*s = -4 - 11, 3*s + b = -g. Let t = 344 + -338. Calculate the greatest common divisor of t and g.
3
Let n be -108*(-5)/10 - 4 - -4. Calculate the greatest common factor of 90 and n.
18
Let q = 625 - 607. What is the greatest common factor of q and 6?
6
Let l = 74 + -46. Let o = 5 - 1. Suppose -o*d = -4*k, 0*d + 20 = 2*k + 3*d. Calculate the greatest common divisor of l and k.
4
Let u be ((-24)/(-18))/(2/81). Suppose m - 4*l + 52 = 2*m, -3*l + 84 = 2*m. What is the highest common divisor of m and u?
18
Let u = 1345 + -2385. Let k be u/(-56) - 6/(-14). What is the highest common factor of 209 and k?
19
Let y(n) = 3*n**2 + n - 1. Let d be y(1). Let a be (14/3)/(d/9). Suppose 0 = -2*q - q + 126. What is the greatest common factor of q and a?
14
Let g be 15/2*16/20. Suppose -3 = -4*o - a, -5*o - 4*a - 16 = -g. Suppose z = -z + 5*s + 31, o*s + 30 = 3*z. Calculate the highest common factor of z and 40.
8
Suppose 2*k = -m + 12 + 42, -4*m + 48 = 2*k. Suppose 0 = 6*i + 5 - 257. What is the highest common divisor of k and i?
14
Let u(j) = -j**3 - 13*j**2 - 11*j + 14. Let r be u(-12). Suppose -2*a = 3*i - 23, 0 = i - 1 - r. Calculate the highest common divisor of 56 and a.
7
Let v(u) = -u**3 - 5*u**2 + 4*u - 5. Let z(t) = -t**2 + 4*t + 6. Let y = 10 - 4. Let h be z(y). Let f be v(h). What is the greatest common divisor of 1 and f?
1
Let f = -55 + 72. Let j(h) = -h**3 - 5*h**2 - 8*h - 6. Let r be j(-5). What is the highest common divisor of f and r?
17
Suppose -36 = -i - 3*d - d, -5*d = 10. What is the greatest common divisor of 77 and i?
11
Let r(j) = j + 22. Let f be r(0). Let i be -4*(-3 - 21/(-12)). Suppose -u = -f + i. What is the highest common factor of u and 187?
17
Let l = -97 + 110. Let b be 81*(-12 + l)*(1 - 0). Calculate the greatest common factor of 9 and b.
9
Let n(a) = a**2 + 2*a - 1. Let m be n(-2). Let h be 2 + m - 84/(-6). Suppose -4*z + 53 = -67. Calculate the highest common divisor of h and z.
15
Let y be (-1)/(-10) - (-20449)/110. What is the greatest common factor of y and 465?
93
Let z(q) = -18*q + 7. Let v be z(6). Let h = v - -231. Calculate the highest common factor of 10 and h.
10
Let v be 3 - (-5 + 2 - 0). Let s be 58 + v + (1 - -1). Suppose 4*p = -2*y + 24, 0*p + 5*y = -4*p + 24. What is the greatest common factor of s and p?
6
Suppose -4439 = -29*a - 1655. What is the greatest common factor of a and 48?
48
Let o be (-20)/(-12)*(1 - (-58)/2). Suppose -x + o = 4*x. Suppose f + 0*f = 80. Calculate the greatest common divisor of f and x.
10
Let c(j) = 17*j + 34. Let d be c(22). What is the greatest common factor of d and 51?
51
Suppose 452 = 2*s - 2*x, -4*s - 5*x + 2*x + 925 = 0. Suppose 122 + 104 = 4*r + 2*q, -4*r - 3*q = -s. What is the greatest common divisor of 22 and r?
11
Let n = -77 + 112. Suppose 4*x + 4*q - 60 = 0, 4*x - 25 = 2*q + n. Suppose -5*z = -21 - 4. Calculate the highest common factor of x and z.
5
Suppose 3*o - 64 = -2*r, -270*r - 48 = -272*r + 5*o. What is the highest common divisor of r and 1943?
29
Let z be 850/18 + ((-387)/(-81) - 5). Calculate the highest common factor of 893 and z.
47
Let l = 316 - 163. Calculate the greatest common factor of 51 and l.
51
Suppose -1 + 19 = 6*w. Let z = -3 + 7. Let r be 4 + (-6)/(z + -1). Calculate the greatest common divisor of w and r.
1
Let z(g) = -9*g**2 + g**3 + 6*g + 9*g + 13 - 15*g. Let n be z(9). Let i = 31 - n. What is the greatest common factor of 12 and i?
6
Suppose -5*x + 224 = -3*m - 195, 4*m - 348 = -4*x. Let a = -5 - -10. Calculate the greatest common factor of x and a.
5
Let w(r) = -178*r - 2792. Let s be w(-16). Let t(j) = j**3 + 6*j**2 + 4*j + 3. Let q be t(-5). Calculate the greatest common factor of s and q.
8
Suppose -y - 3*y = -16. Suppose -3*v + 53 = 3*n - y*n, -v + 15 = n. Let q = -16 + v. Calculate the greatest common factor of 1 and q.
1
Let v(i) = i**3 + 6*i**2 - 9*i - 17. Let o be v(-7). Let z be 0/((-12)/o) - -13. Calculate the greatest common divisor of z and 117.
13
Suppose -4*a + 5*w + 187 = 0, 0*a + a - 50 = -2*w. Suppose -5*k - 2 = -62. Let d = k + 20. Calculate the highest common factor of a and d.
16
Suppose -3 - 18 = -7*b. Suppose 5*h - 3*h - 18 = 0. Calculate the highest common factor of b and h.
3
Let f(u) be the first derivative of -u**2 - 10*u + 3. Let b be f(-7). Suppose 0 = b*c + 2*c - 108. What is the highest common factor of 72 and c?
18
Let q be (3/(-3))/(0 - (-3)/6). Let z be (-14 + 1)*q/2. Calculate the highest common factor of z and 13.
13
Suppo